et v(l) = -5*l - 21. Calculate the remainder when t is divided by v(-8).
18
Suppose 4*a = -3*g + 574, -17*a + 21*a = 6*g + 520. Calculate the remainder when a is divided by 65.
9
Let x = 15174 + -14422. Calculate the remainder when x is divided by 271.
210
Let s = -411 - -411. Suppose s*l = 5*b + 5*l - 105, 2*l = 4*b - 54. What is the remainder when 62 is divided by b?
14
Suppose 151 = 5*o - 2*j, 4*o + 24*j - 131 = 29*j. What is the remainder when 388 is divided by o?
11
Let o(p) = p + 72. Let s be 4*((-75)/12 - -2). What is the remainder when 160 is divided by o(s)?
50
Let z be ((-20)/30)/(2/(-6)). Suppose -2*r - z*r = 104. Let s = r - -161. Calculate the remainder when s is divided by 23.
20
Suppose 12*z - 509 = -4*s + 9*z, 4*s - 3*z - 491 = 0. Calculate the remainder when 2498 is divided by s.
123
Let i(h) = 2*h**2 + 33*h + 76. Calculate the remainder when i(-14) is divided by 11 - (30/(-4))/((-66)/44).
0
Suppose -882*u + 19868 + 5863 = 2799. Suppose 5*z - 214 = q - 2*q, 4*q + 26 = z. Calculate the remainder when z is divided by u.
16
Let h(b) = -13811*b + 13808*b + 17 - 184 + 21. Calculate the remainder when 44 is divided by h(-55).
6
Calculate the remainder when 479 is divided by 60*(-80)/(-64) - -13.
39
Suppose 3169 = 2*b + 3*g, 72*g = 73*g + 5. Calculate the remainder when b is divided by 178.
168
Let z(y) = -y**3 - 5*y**2 + 27*y + 123. Let i be z(-9). Suppose -12*u - i = -1116. What is the remainder when u is divided by 9?
4
Let i(q) = 646*q - 17405. Calculate the remainder when 1537 is divided by i(27).
20
Suppose 5*z - 17 = -5*q + 6*z, -3*q - 3 = -5*z. What is the remainder when 241 is divided by 125 + (12 - 11)*q/4?
115
Suppose -36*l + 2037 = -447. Let z = l - -90. What is the remainder when z is divided by 41?
36
Suppose 998 = 3*r - 27*u + 19*u, r - 4*u - 330 = 0. Calculate the remainder when r is divided by 57.
53
Let v = 12 + -286. Let t = v - -423. What is the remainder when t is divided by 75?
74
What is the remainder when 392 is divided by -5 - 10*56/(-8 - -4)?
122
Suppose -6*r + r = -105. Suppose 3*z = 5 + 4. Suppose 0 = z*o - 0*k - 4*k - 19, o - 5*k = r. Calculate the remainder when o is divided by 1.
0
Let r(i) = 3*i**2 + 97*i - 162. Calculate the remainder when 539 is divided by r(-34).
3
Let q = 106 + -108. Let t be ((-27)/(-21) - (-8)/(-28))*q. Let y(u) = 2*u**2 + 3*u + 10. What is the remainder when 79 is divided by y(t)?
7
Calculate the remainder when 931 is divided by (912/(-570) - 233/(-5)) + 1 + 0.
11
Suppose 0*w = -9*w + 189. Let u = 16 - -23. What is the remainder when u is divided by w?
18
Suppose -9*f - 9 = -90. Suppose f*s - 320 = -7*s. Calculate the remainder when 98 is divided by s.
18
Let o(f) = -519*f - 1016. Let j = 352 + -245. What is the remainder when j is divided by o(-2)?
19
Calculate the remainder when -5 - 4 - 2 - -479 is divided by 47.
45
Let m = -904 + 906. Let y(c) = 2*c**2 + c + 0*c + 0 - 1. What is the remainder when y(m) is divided by 3?
0
Let k be (-1 - 0)*2 + 5. Calculate the remainder when 14 + 2 + -9 + 2 + k is divided by (108/(-48))/((-1)/4).
3
Let a(k) = 3*k**2 + 16*k + 18. Suppose -10 + 40 = 5*v. What is the remainder when a(v) is divided by 15?
12
Suppose 8*g + 19*g - 1440 = -3*g. Suppose -33 = -3*d + 3*c, 0 = -5*d - 4*c + 8*c + 54. Let t = 4 + d. What is the remainder when g is divided by t?
6
Let d(s) = 2*s**3 - 53*s**2 - 26*s + 30. Let q be d(27). Suppose 249 = 6*b + q. What is the remainder when 735 is divided by b?
31
Suppose -j - 3*j + 76 = 0. Let u be (8/12)/(5/1815). Suppose 6*f = -44 + u. What is the remainder when f is divided by j?
14
Let f(b) = b**3 - 69*b**2 - 74*b + 291. Calculate the remainder when 213 is divided by f(70).
4
Let w(u) = -247*u - 813. What is the remainder when 1352 is divided by w(-6)?
14
Suppose -5*j = -3*w + 283 + 496, 743 = 3*w + 4*j. What is the remainder when w is divided by 62?
5
Let i(o) = -5*o - 3*o + 48 + 9*o. Let w be -69*(2 - 5/3). What is the remainder when 74 is divided by i(w)?
24
Suppose 5*h + 1204 = r, -4*h - 4*r - 77 = 867. Let n = h + 448. What is the remainder when n is divided by 15?
13
Let b = -35 + 93. Suppose -3*o = -5*r - b, 0*o = -o - 5*r + 46. What is the remainder when 89 is divided by o?
11
Let d = 945 - 740. What is the remainder when d is divided by 132?
73
Let u = 24 - -16. Let m(r) = 2*r**2 + 40*r + 143. Let b be m(-6). Let z = b + u. Calculate the remainder when 26 is divided by z.
11
Suppose 116*u = 605 + 1019. What is the remainder when 520 is divided by u?
2
Let n(b) = -3*b - 3. Calculate the remainder when (890 - (-56)/(-4))/6 is divided by n(-8).
20
Suppose -692 = 19*a - 4226. What is the remainder when a is divided by 17?
16
Suppose 12*h + 314 + 454 = 0. Calculate the remainder when 19 is divided by (352/h)/(2/(-4)*1).
8
Let q = -54 + 128. What is the remainder when 146 is divided by q?
72
Suppose -4*t - 2*l = 6, -3*t + 0*l + l = 2. Let m = t - -101. What is the remainder when m is divided by (11/((-396)/(-408)))/((-2)/(-3))?
15
Suppose -5*p - 10 = -215. Let q(y) = -78*y + 2363. What is the remainder when q(24) is divided by p?
40
Let v = -5293 - -5319. What is the remainder when 245 is divided by v?
11
Let y = -75 - -127. Let f = 81 - y. Calculate the remainder when 86 is divided by f.
28
Let r(f) = -f**3 - 21*f**2 + 16. Let k(x) = x + 9. Let a be k(-6). Calculate the remainder when (a + -4)/((-1)/125) is divided by r(-21).
13
Let w(x) = -2*x**3 - 3*x**2 + 18. Let f(o) = -2*o**2 - o - 1. Let h(y) = 6*f(y) - w(y). Let b = -41 - -71. What is the remainder when h(7) is divided by b?
29
Let i(p) = p + 17. Let x be i(-11). Let c be (x/3)/(3/39). Calculate the remainder when 44 is divided by 40*(c/(-10) + 3).
12
Suppose 16*v + 7 = 39. Suppose -v*u + 19 = a - 6, -a + 13 = -u. What is the remainder when 33 is divided by a?
16
Let w(u) = 2*u**2 - 10*u - 44. Let h be w(-9). Let y = -144 + h. What is the remainder when y is divided by 16?
0
Let p(i) = i + 16. Let r(o) = 4*o + 3*o**2 - 17 - 12 + 28. What is the remainder when r(3) is divided by p(0)?
6
Let q = -2165 - -2328. What is the remainder when q is divided by 31?
8
Suppose 19*v + 3*v = 63*v - 245918. Calculate the remainder when v is divided by 40.
38
Let r = -14359 - -14545. What is the remainder when r is divided by 49?
39
Suppose 13*z - 84 = -8*z. Suppose -t + 66 = 5*i + t, 0 = -z*i - 4*t + 48. What is the remainder when 180 is divided by i?
12
Suppose -o + 228 = 3*o. Let q(d) = -15*d**2 - 231*d - 78. Calculate the remainder when o is divided by q(-15).
9
What is the remainder when (-141)/9*8*8*(-3)/16 is divided by 9?
8
Suppose 0 = -2*d - 3*s - 0 + 16, -19 = -5*d + 3*s. What is the remainder when 79 is divided by (-15 - 0/2)*(-3)/d?
7
Let t(a) = -89*a + 7. Let g be (6/(-8))/((-5)/(-440)). Let d = g - -106. What is the remainder when d is divided by t(0)?
5
Calculate the remainder when (-17710)/220*(-6 - 0) is divided by 83.
68
Suppose -5 = u, 0 = -w + 5*u - 2*u + 685. Let z = 59 - 25. Calculate the remainder when z is divided by 2/(-11) + w/55.
10
Let y(n) be the third derivative of n**5/20 - n**4/8 - 5*n**3/3 - n**2 + 9. What is the remainder when y(-3) is divided by 6?
2
Suppose 7*m - 2*m - 160 = 0. Let a = 768 - 822. What is the remainder when m is divided by ((-297)/a)/((-2)/(-4))?
10
Suppose 2*u - 75 - 32 = w, -4*u + 249 = 5*w. Let c be 6/11 - (-5304)/(-286). What is the remainder when u is divided by (-4)/c - ((-5516)/126 + 15)?
27
Let t be 8/20 + 115/25. Suppose 2*q + 117 = 5*c, t*c + 3*q - 112 = c. Calculate the remainder when (3/(-2))/(8/(-528)) is divided by c.
24
Suppose 3*o - 4035 = -h + 7*o, -2*o + 16212 = 4*h. What is the remainder when h is divided by 193?
191
Calculate the remainder when 5794 is divided by (-1599)/(-130) + -12 - (-2)/(20/357).
34
Let v = -341 - -321. Calculate the remainder when 3 + 74*5/v*-4 is divided by 23.
8
Let r = 85 - 80. What is the remainder when 4/10 - 23/(-5) is divided by r?
0
Let o(y) = -y**3 + 7*y**2 - 4*y - 9. Calculate the remainder when 2/(-12) - (-12 + (-45225)/162) is divided by o(5).
18
Suppose 5*w - 702 = -s, -2*w + 258 = 18*s - 10*s. Calculate the remainder when 573 is divided by w.
9
Suppose 0 = -k + 4 - 1. Suppose -2*l = -3*l - o + 15, l - k = -5*o. Suppose -1054 - 950 = -39*z - 756. Calculate the remaind